*3 - 3*w**2 + 3*w - 2. Calculate t(1).
95
Let z(w) = 57*w + 229. Calculate z(-4).
1
Let p(r) = -r**3 + 4*r**2 - 2*r - 4. What is p(4)?
-12
Let i(u) = 3*u**2 + 9*u - 4. Calculate i(-2).
-10
Let w(q) = -q**3 - 73*q**2 - 278*q - 132. Calculate w(-69).
6
Let o(d) = d**3 - 7*d**2 - 9*d - 9. Determine o(8).
-17
Let w(j) = 45*j + 8. What is w(4)?
188
Let i(q) = q**3 - q + 3. Give i(-3).
-21
Let x(f) = -2*f**2 + 10*f + 14. What is x(7)?
-14
Let l(i) = -4*i + 21. Calculate l(1).
17
Let d(w) = w**2 - w - 25. What is d(0)?
-25
Let f(v) = -v**3 + 12*v**2 - 24*v + 19. What is f(10)?
-21
Let x(d) = -d**3 - 6*d**2 + 6*d - 6. Calculate x(-5).
-61
Let l(z) = z - 20. Calculate l(6).
-14
Let z(q) = -15*q - 63. Determine z(-4).
-3
Let y(k) = -k - 9. Determine y(-3).
-6
Let v(k) = 9*k + 34. Determine v(-4).
-2
Let h(p) = 2*p**2 - 3. Calculate h(0).
-3
Let c(q) = -4*q**2 + 8*q + 5. Determine c(4).
-27
Let v(x) = x**2 - 21*x + 60. What is v(20)?
40
Let v(x) = -x**2 + 21*x + 1. Give v(21).
1
Let b(w) = w**2 + 12*w - 10. Determine b(-12).
-10
Let v(g) = 5*g + 123. What is v(-20)?
23
Let c(f) = 31*f + 12. Calculate c(4).
136
Let p(l) = 8*l + 39. Give p(-7).
-17
Let x(i) = i + 11. What is x(-12)?
-1
Let v(z) = -8*z - 13. Give v(-3).
11
Let n(m) = m**3 - 17*m**2 + m + 19. Determine n(17).
36
Let l(b) = -b**3 - 14*b**2 + 16*b + 16. Calculate l(-15).
1
Let g(q) = q**2 + 18*q - 1. Calculate g(-16).
-33
Let c(u) = 18*u**2 - 2*u - 2. Determine c(2).
66
Let x(r) = -4*r - 5. Determine x(7).
-33
Let g(k) = -k**3 - 16*k**2 - 14*k + 24. Calculate g(-15).
9
Let n(x) = -x**3 - 14*x**2 + 35*x + 6. Give n(-16).
-42
Let x(d) = d**3 + 5*d**2 - 24*d - 95. Give x(-6).
13
Let v(z) = -9*z - 82. Give v(-5).
-37
Let q(g) = -3*g + 5. Give q(-7).
26
Let x(r) = -r - 7. Determine x(-7).
0
Let j(d) = -2*d**2 + 2*d + 46. What is j(6)?
-14
Let d(o) = -o**2 + 5*o + 20. Give d(-5).
-30
Let w(v) = -v**3 + 19*v**2 - 18*v - 37. Calculate w(18).
-37
Let o(r) = -19*r + 1. What is o(1)?
-18
Let y(r) = r**3 - 5*r**2 + 4*r - 3. Give y(4).
-3
Let j(p) = p - 9. Calculate j(4).
-5
Let g(k) = k**2 - k - 217. Give g(0).
-217
Let t(v) = -v**3 + 6*v**2 + 1. Give t(6).
1
Let s(r) = -2*r - 9. What is s(9)?
-27
Let g(r) = r**3 + 10*r**2 + 8*r - 29. Give g(-9).
-20
Let f(x) = x**2 - 9*x - 1. Calculate f(4).
-21
Let k(y) = y**2 - 12*y + 12. What is k(13)?
25
Let v(g) = 5*g**2 - g - 2. Determine v(-2).
20
Let b(x) = 2*x**2 + 7*x - 4. What is b(-7)?
45
Let u(j) = -9*j - 81. Calculate u(-6).
-27
Let y(l) = l**2 - 7*l + 2. What is y(5)?
-8
Let n(b) = -2*b**2 - 8*b + 55. Determine n(4).
-9
Let b(a) = -a**2 - 25*a - 98. What is b(-5)?
2
Let y(b) = -16*b + 1. What is y(-1)?
17
Let u(z) = -z**2 + 8*z + 6. Calculate u(6).
18
Let b(g) = 32*g - 44. Give b(9).
244
Let g(j) = -2*j**2 - 46*j - 38. Give g(-22).
6
Let h(u) = u**2 + 12*u + 11. Give h(-7).
-24
Let x(w) = w**3 - w**2 - 7*w - 7. Calculate x(-1).
-2
Let o(t) = 2*t**2 + 20*t + 3. What is o(-10)?
3
Let s(c) = -11*c**2 - 34*c + 1. Determine s(-3).
4
Let t(v) = v**2 + 19*v + 19. Calculate t(-18).
1
Let k(u) = 11*u - 9. What is k(1)?
2
Let v(t) = 205*t + 2462. Determine v(-12).
2
Let u(r) = -6*r**3 + 2*r**2. Calculate u(2).
-40
Let k(j) = j**2 - 29*j - 44. Determine k(31).
18
Let d(y) = y**2 - 9*y - 58. Determine d(13).
-6
Let f(l) = -25*l - 64. Give f(-3).
11
Let q(t) = -4*t**2 - 12*t - 8. Determine q(-2).
0
Let m(i) = i**3 + 10*i**2 + i + 5. Give m(-10).
-5
Let k(b) = 3*b**2 + b. Calculate k(-4).
44
Let s(t) = -t**2 - 8*t - 10. What is s(-5)?
5
Let l(f) = -f**2 + 11*f - 3. Give l(10).
7
Let h(w) = -w - 1. What is h(5)?
-6
Let u(s) = -4*s. Determine u(-2).
8
Let b(i) = -3*i + 9. Give b(6).
-9
Let s(m) = -m**3 - 3*m**2 + m - 6. What is s(-4)?
6
Let v(k) = k - 14. Give v(3).
-11
Let q(p) = -7*p + 4. Give q(3).
-17
Let q(g) = 17*g**3 - 2*g**2 + 2*g + 1. What is q(2)?
133
Let u(r) = r**2 + 6*r + 2. What is u(-6)?
2
Let u(m) = m**3 + 7*m**2 - 3*m - 17. Calculate u(-7).
4
Let m(z) = 15*z - 5. Determine m(3).
40
Let j(c) = -2*c**2 + 11*c - 5. Determine j(7).
-26
Let o(k) = k**3 - 11*k**2 + 8*k + 14. Calculate o(10).
-6
Let o(u) = -u**3 - 2*u**2 + 3*u. What is o(0)?
0
Let o(p) = 3*p**3 + 2*p**2 + p + 5. Calculate o(-3).
-61
Let i(a) = a**3 + 11*a**2 - a - 14. Determine i(-11).
-3
Let t(l) = -15*l + 3. What is t(1)?
-12
Let q(t) = -t**3 - 12*t**2 + 11*t - 11. Give q(-13).
15
Let y(o) = o**3 - 17*o**2 + 18*o - 26. What is y(16)?
6
Let l(c) = -c**3 + 2*c**2 - 3*c + 5. Give l(4).
-39
Let n(s) = 41*s - 1. Determine n(1).
40
Let p(n) = -2*n**2 - 8*n - 29. Determine p(-4).
-29
Let j(m) = m**3 - 9*m**2 + 6*m + 16. Calculate j(8).
0
Let d(c) = -c**3 - c. What is d(1)?
-2
Let r(y) = y**3 - 9*y**2 + 9*y - 19. Give r(8).
-11
Let m(t) = -2*t**2 - 44*t - 13. Determine m(-21).
29
Let u(p) = p**3 - 5*p**2 + 6*p + 1. What is u(2)?
1
Let i(k) = k**2 + 10*k - 28. What is i(-17)?
91
Let u(l) = l + 23. Calculate u(0).
23
Let w(p) = -p**3 - 2*p**2 - p - 14. Determine w(-3).
-2
Let z(n) = n - 39. Give z(8).
-31
Let m(q) = -q**3 + 9*q**2 - 4*q - 46. Give m(8).
-14
Let h(g) = g**2 - 12*g + 16. What is h(11)?
5
Let s(b) = b**3 + 10*b**2 + 8*b - 40. Calculate s(-8).
24
Let u(v) = -v**2 + 22*v + 93. Determine u(-5).
-42
Let q(d) = -8*d - 19. Calculate q(-4).
13
Let n(h) = 5*h - 15. What is n(9)?
30
Let s(t) = 2*t**2 + 19*t - 13. Give s(-10).
-3
Let c(f) = -7*f + 57. Determine c(6).
15
Let n(v) = -11*v + 44. What is n(4)?
0
Let u(f) = 4*f**2 - 3*f + 1. Calculate u(2).
11
Let j(d) = -3*d + 17. Determine j(9).
-10
Let x(p) = 21*p - 229. Give x(11).
2
Let d(q) = q - 94. Determine d(13).
-81
Let g(i) = -2*i**2 + i - 2. What is g(3)?
-17
Let y(t) = -2*t**2 - 4*t + 4. What is y(3)?
-26
Let c(n) = -n**2 - 8*n - 7. Determine c(-5).
8
Let t(l) = -l**2 + 24*l + 5. Give t(24).
5
Let p(k) = -k**2 - 14*k + 8. Give p(-14).
8
Let q(w) = -w**3 + 4*w**2 - w - 2. Give q(4).
-6
Let n(r) = 22*r + 22. Give n(-5).
-88
Let s(k) = -4*k - 20. What is s(-6)?
4
Let s(f) = -3*f**2 + 2*f + 10. Give s(-2).
-6
Let s(c) = -c + 14. What is s(19)?
-5
Let w(k) = k**3 - 2*k + 39. Determine w(0).
39
Let g(x) = -x**2 - 8*x - 6. What is g(-6)?
6
Let g(s) = 6*s + 6. Give g(-7).
-36
Let c(d) = d - 19. Calculate c(-13).
-32
Let v(c) = 2*c**3 + 2*c**2 + 3*c + 2. Determine v(-1).
-1
Let s(o) = o - 6. Calculate s(-9).
-15
Let a(p) = p**2 - 8*p + 8. What is a(7)?
1
Let i(k) = -3*k - 15. Determine i(-9).
12
Let p(v) = -v**3 - 5*v**2 + 9*v + 7. Calculate p(-6).
-11
Let k(f) = -f**2 + 16*f - 50. Calculate k(12).
-2
Let b(y) = -y**3 + 10*y**2 + 25*y + 8. Calculate b(12).
20
Let t(a) = -a**2 + 13*a - 9. Give t(6).
33
Let w(m) = m**2 - 4*m - 2. Determine w(-3).
19
Let w(v) = v**3 + 16*v**2 - v - 45. Give w(-16).
-29
Let c(g) = g**3 - 8*g**2 + g + 1. Give c(8).
9
Let z(t) = -t**3 + 7*t**2 - 17*t + 19. Give z(7).
-100
Let n(o) = o**2 - 4*o - 10. Determine n(-7).
67
Let t(h) = -h - 55. What is t(-22)?
-33
Let c(d) = 12*d - 37. What is c(3)?
-1
Let k(s) = s**3 - s**2 + 4*s - 8. Calculate k(2).
4
Let r(t) = 5*t**3 + t**2 - t + 1. Give r(-2).
-33
Let g(w) = 5*w + 46. What is g(21)?
151
Let g(f) = 6*f - 12. Give g(4).
12
Let q(m) = -m**3 - m**2 + m + 2. Determine q(-3).
17
Let y(t) = -t**2 - 3*t + 26. Determine y(-7).
-2
Let o(q) = q**3 - 6*q**2 + 5*q - 9. Give o(6).
21
Let q(v) = 5*v - 7. Determine q(4).
13
Let j(b) = -b**3 - 9*b**2 + 6*b - 46. Determine j(-10).
-6
Let o(w) = -w**2 - 5*w - 11. Give o(5).
-61
Let w(u) = u - 3. Calculate w(3).
0
Let z(t) = t**3 + 4*t**2 + 5*t + 23. Determine z(-4).
3
Let s(b) = -b**3 + 12*b**2 + b - 3. Give s(12).
9
Let r(y) = y + 5. Calculate r(-12).
-7
Let g(w) = 20*w + 85. Determine g(-7).
-55
Let a(y) = -y**3 - y**2 - y - 2. What is a(2)?
-16
Let i(r) = r**2 + 13*r + 38. What is i(-5)?
-2
Let h(f) = 34*f**2 - 273*f + 4. Give h(8).
-4
Let h(a) = 23*a - 270. Determine h(12).
6
Let j(l) = -l**2 - 12*l + 36. Calculate j(3).
-9
Let w(j) = j**2 - 6*j + 12. Calculate w(4).
4
Let j(f) = -25*f + 151. What is j(6)?
1
Let z(x) = -33*x. Give z(-1).
33
Let o(c) = 2*c - 3. Calculate o(-4).
-11
Let a(r) = -8*r + 2. Calculate a(1).
-6
Let b(d) = -d**3 - 4*d**2 - 5*d - 5. What is b(-4)?
15
Let t(d) = -d**3 + 3*d**2 + 5*d - 1. Calculate t(4).
3
Let d(r) = 4*r - 15. Determine d(5).
5
Let w(c) = -38*c + 342. What is w(9)?
0
Let b(d) = -22*d**2 + 109*d